Let d(c) = -154*c - 11401. What is d(-74)?
-5
Let l(n) = 2*n**3 + 62*n**2 + 118*n + 69. Determine l(-29).
11
Let m(d) = 10*d**3 + d**2 - 3*d - 11. What is m(-2)?
-81
Let r(l) = -32*l - 217. Calculate r(-3).
-121
Let x(v) = -v**3 - 16*v**2 + 76*v + 608. Give x(-18).
-112
Let t(p) = 78*p - 1328. Determine t(24).
544
Let l(r) = 22*r**2 + 5992*r + 2173. Determine l(-272).
-3
Let b(q) = 3*q**2 + 234*q - 2356. Calculate b(9).
-7
Let p(c) = 60*c - 141. Give p(2).
-21
Let c(v) = 651*v - 1784. Determine c(3).
169
Let j(x) = -339*x - 2028. Calculate j(-6).
6
Let t(p) = p**2 - 3*p + 7. What is t(1)?
5
Let r(v) = -3*v**3 - 45*v**2 - 82*v - 1210. Calculate r(-15).
20
Let o(g) = 518*g - 3648. Give o(7).
-22
Let o(n) = -2848*n - 5722. Give o(-2).
-26
Let i(w) = -w**3 - w**2 + 32*w - 95. Give i(-7).
-25
Let f(m) = 115*m - 29206. What is f(254)?
4
Let y(u) = u**3 - 55*u**2 - 172*u - 133. Give y(58).
-17
Let p(v) = -v**3 - 11*v**2 + 572*v - 33. Give p(-30).
-93
Let y(u) = -259*u + 525. Calculate y(2).
7
Let b(g) = g**3 - 55*g**2 + 205*g - 49. Calculate b(51).
2
Let i(h) = -h**3 + 161*h**2 + 998*h + 668. What is i(167)?
0
Let r(k) = -k**2 - 4893*k + 68692. Determine r(14).
-6
Let f(a) = -2*a**2 + 81*a - 160. Determine f(2).
-6
Let r(w) = -77*w**2 + 86*w - 26. What is r(1)?
-17
Let c(w) = 4*w**2 + 78*w - 9. Give c(-7).
-359
Let a(h) = -h**2 + 12*h - 19. Determine a(12).
-19
Let p(z) = z**3 + 11*z**2 - 19*z + 37. Give p(-13).
-54
Let x(g) = -1996*g + 67846. What is x(34)?
-18
Let i(t) = -144*t**2 + 1593*t - 104. Determine i(11).
-5
Let m(t) = t**3 + 12*t**2 + 6*t + 27. Give m(-11).
82
Let x(q) = -51*q + 438. Calculate x(6).
132
Let d(f) = 152*f + 758. Determine d(-5).
-2
Let l(h) = h**3 - 14*h**2 - 3*h + 62. Determine l(14).
20
Let c(i) = -24*i + 506. Calculate c(36).
-358
Let f(l) = l**2 + 33*l - 98. Determine f(-36).
10
Let i(g) = 183*g + 4. Determine i(0).
4
Let x(i) = 2*i**2 + 46*i - 1140. Give x(15).
0
Let v(z) = -2*z**2 - 273*z - 3426. What is v(-14)?
4
Let o(b) = -6*b**2 + 17*b - 78. Determine o(4).
-106
Let u(y) = 2*y**3 - 10*y**2 - 13*y - 11. Calculate u(7).
94
Let o(g) = -1401*g + 16799. Give o(12).
-13
Let u(y) = y**3 + 8*y**2 - 20*y + 13. Determine u(-10).
13
Let i(j) = -40*j + 165. Give i(5).
-35
Let d(p) = 2*p**3 + 9*p**2 + 101*p + 260. Calculate d(-3).
-16
Let w(t) = -4*t**2 - 31*t + 43. What is w(-17)?
-586
Let q(t) = -6*t**2 + 34*t - 82. Calculate q(4).
-42
Let p(f) = -f**3 + 130*f**2 + 267*f - 392. Determine p(132).
4
Let u(g) = -10*g**2 - 309*g + 1397. Give u(4).
1
Let s(h) = -40*h - 1107. What is s(-28)?
13
Let h(o) = 3588*o - 25114. Determine h(7).
2
Let y(n) = 19*n + 291. Calculate y(-15).
6
Let n(y) = 3*y**2 + 373*y - 372. Determine n(1).
4
Let z(f) = -39*f**3 + f**2 + 11*f - 18. Give z(2).
-304
Let m(g) = 210*g + 546. Determine m(-5).
-504
Let d(n) = -5*n**2 - 388*n + 76. Determine d(-78).
-80
Let t(k) = -11*k**2 - 207*k + 21. What is t(-19)?
-17
Let z(r) = 66*r + 84. Determine z(-2).
-48
Let i(w) = 12966*w - 77789. Give i(6).
7
Let s(g) = -g**3 + 6*g**2 - 7*g - 12. Determine s(4).
-8
Let v(c) = c**3 + 17*c**2 + 39*c + 216. What is v(-14)?
258
Let c(w) = -w**3 + 246*w**2 - 217*w - 6846. What is c(245)?
14
Let d(s) = -224*s + 1312. Calculate d(6).
-32
Let l(i) = 10*i + 28. Determine l(-2).
8
Let y(a) = -a + 115. Calculate y(8).
107
Let l(j) = j**3 + 17*j**2 + 152*j + 2632. What is l(-17)?
48
Let z(k) = 2*k**3 + 8*k**2 + 5*k. What is z(-5)?
-75
Let f(d) = -3*d**3 + 117*d**2 - 114*d - 88. Calculate f(38).
-88
Let t(g) = g**2 + 64*g + 375. Calculate t(-7).
-24
Let j(k) = -19*k**2 - 358*k + 4. What is j(-19)?
-53
Let j(i) = 2*i**2 - 2310*i + 4615. What is j(2)?
3
Let b(s) = -23*s**3 - s**2 - 4*s - 6. Determine b(2).
-202
Let h(v) = -2*v**3 - v**2 + v + 29. What is h(5)?
-241
Let o(n) = -2*n**3 + 34*n**2 + 36*n - 32. Give o(18).
-32
Let c(p) = -p**3 + 30*p**2 - 65*p + 303. What is c(28)?
51
Let l(s) = 717*s + 3579. Give l(-5).
-6
Let d(u) = -342*u - 4432. Calculate d(-13).
14
Let b(m) = -m**2 + 49*m - 588. What is b(19)?
-18
Let o(p) = 299*p + 1514. Calculate o(-5).
19
Let z(d) = d**2 + 3*d + 10. What is z(-4)?
14
Let p(m) = 14*m + 176. What is p(-17)?
-62
Let d(w) = -347*w + 2179. What is d(6)?
97
Let f(g) = -10359*g - 134680. Determine f(-13).
-13
Let p(n) = n**3 + n**2 - 13*n - 13. Give p(4).
15
Let v(w) = 3*w**2 - 24*w + 22. Give v(1).
1
Let q(u) = -2*u**2 + 51*u + 493. Determine q(-10).
-217
Let o(j) = j**3 + 5*j**2 + 379. What is o(0)?
379
Let g(r) = r**2 - 28*r - 516. Determine g(-12).
-36
Let m(k) = 15*k**3 - 7*k**2 + 5*k + 9. What is m(3)?
366
Let a(u) = u**3 + 3*u**2 + 15*u + 66. Determine a(8).
890
Let v(f) = -3*f**2 + 7*f - 2. Determine v(7).
-100
Let z(i) = -i**3 - 17*i**2 - 33*i + 6. Calculate z(-17).
567
Let k(p) = -371*p + 4069. Determine k(11).
-12
Let v(l) = 11*l**2 - 42*l - 81. Determine v(-4).
263
Let o(q) = -235*q + 1408. Give o(6).
-2
Let g(z) = -2*z**3 - 137*z**2 - 351*z - 1398. What is g(-66)?
-12
Let w(x) = -x**3 + 6*x**2 + 10*x - 303. What is w(0)?
-303
Let g(r) = r**3 - 4*r + 61. Determine g(0).
61
Let h(y) = -2*y**3 - 23*y**2 + 103*y - 26. What is h(-15)?
4
Let s(o) = -16*o**2 + 13*o + 113. What is s(0)?
113
Let j(n) = -63*n - 6302. Determine j(-100).
-2
Let h(n) = -n**3 + 35*n**2 - 99*n + 91. Give h(32).
-5
Let v(l) = -2*l**3 - l**2 + 57*l - 6. Calculate v(0).
-6
Let r(k) = -5*k + 22. Give r(-18).
112
Let t(b) = -7*b**3 + 6*b**2 - 31*b - 84. Determine t(-3).
252
Let c(y) = -69*y - 208. Calculate c(-3).
-1
Let g(k) = -720*k - 11516. What is g(-16)?
4
Let o(m) = -m**3 + 15*m**2 - 60*m + 84. What is o(10)?
-16
Let s(f) = -7*f**2 - 19*f - 102. Calculate s(-6).
-240
Let k(o) = -o**3 - 25*o**2 - 111*o - 43. What is k(-20)?
177
Let v(n) = -n**3 - 10*n**2 + 7*n - 57. Calculate v(-11).
-13
Let w(y) = 2*y**3 + 121*y**2 - 314*y + 57. Calculate w(-63).
-6
Let a(x) = -731*x - 1456. Determine a(-2).
6
Let l(t) = 8*t**3 + 392*t**2 - 7*t - 333. Determine l(-49).
10
Let o(p) = 3*p**2 - 84*p - 19. Give o(6).
-415
Let p(u) = u**3 - 13*u**2 - 137*u + 409. Give p(19).
-28
Let v(a) = a**2 - 421*a + 20440. Give v(365).
0
Let u(q) = 2*q**2 - 3*q + 11. Calculate u(10).
181
Let f(o) = -2*o - 97. Calculate f(-2).
-93
Let a(m) = -8*m**2 - 145*m - 44. Determine a(-18).
-26
Let v(x) = -70*x**2 + 2238*x + 64. Determine v(32).
0
Let h(y) = -y**3 - 6*y**2 - y - 138. Determine h(-8).
-2
Let d(i) = -16271*i + 32548. Calculate d(2).
6
Let h(b) = b**3 + 125*b**2 - 12608*b - 387. What is h(-191)?
-5
Let j(b) = -b**2 - 128*b - 1067. Determine j(-119).
4
Let k(d) = -406*d + 19060. Give k(47).
-22
Let o(p) = 535*p + 18731. Give o(-35).
6
Let m(x) = 3*x**2 - 864*x - 77758. Calculate m(360).
2
Let l(f) = -f**3 + 9*f**2 + 6*f - 175. What is l(8)?
-63
Let t(r) = r**2 - 348*r - 7722. Give t(-21).
27
Let p(s) = -14*s + 336. Calculate p(21).
42
Let g(d) = -d**3 + 18*d**2 - 54*d - 9. Determine g(4).
-1
Let l(k) = -k**3 - 39*k**2 - 57*k + 559. What is l(-37)?
-70
Let c(m) = -4*m**2 + 23*m + 109. What is c(-6)?
-173
Let w(x) = x**3 + 22*x**2 + 45*x - 103. Calculate w(-21).
-607
Let o(y) = y + 74. Give o(17).
91
Let c(g) = -2*g**3 - 8*g**2 - 18*g + 7. Give c(-6).
259
Let l(c) = -c**3 + 2*c**2 - 48*c - 161. Determine l(-3).
28
Let l(w) = 67*w - 139. What is l(2)?
-5
Let m(h) = 298*h + 3892. Give m(-13).
18
Let w(i) = 2*i**3 - 20*i**2 - 21*i + 12. Calculate w(11).
23
Let n(j) = 13*j**2 - 184*j - 174. Give n(15).
-9
Let h(s) = 85*s + 651. Give h(4).
991
Let h(f) = 17*f - 1100. Give h(54).
-182
Let d(z) = 149*z**3 + 600*z**2 - 5*z - 86. What is d(-4)?
-2
Let p(n) = 323*n + 1609. What is p(-5)?
-6
Let a(i) = 36*i - 1218. What is a(34)?
6
Let t(m) = 36*m**2 - 684*m + 28. Give t(19).
28
Let d(y) = -y**3 + 316*y**2 - 253*y - 19517. Calculate d(315).
13
Let t(s) = -2*s**3 - 102*s**2 + 211*s - 45. Give t(-53).
8
Let z(q) = 2*q**3 + 354*q**2 - 8*q - 1366. Give z(-177).
50
Let g(k) = -k**3 + 19*k**2 - 21*k + 4. What is g(18)?
-50
Let j(k) = -86*k + 3432. What is j(40)?
-8
Let p(f) = -315*f + 2840. Calculate p(9).
5
Let g(f) = -101*f**3 - f**2 - 74*f - 74. Give g(-1).
100
Let u(y) = -18*y**3 - y**2 - 2*y. Give u(2).
-152
Let j(o) = -2*o**3 - 2*o**2 - 13*o - 19. Calculate j(-2).
15
Let d(u) = -1106*u - 40918. Determine d(-37).
4
Let o(l) = -3*l**2 + 21*l - 29. Determine o(0).
-